 the greatest common factor of 201280830 and 15.
15
Calculate the highest common divisor of 559 and 414726.
13
What is the greatest common divisor of 307342847 and 2091?
697
Calculate the highest common divisor of 2185410 and 4365.
1455
Calculate the greatest common factor of 393 and 37327.
1
What is the greatest common factor of 271026 and 279018?
54
Calculate the greatest common divisor of 321890517 and 2349.
2349
What is the highest common divisor of 277418176 and 4060?
812
What is the greatest common factor of 576 and 792567936?
576
What is the greatest common divisor of 251468 and 105056?
196
Calculate the highest common divisor of 16 and 38950484.
4
Calculate the highest common factor of 1154 and 1493738177.
577
Calculate the highest common divisor of 7391871 and 54.
27
Calculate the greatest common divisor of 67 and 16410913.
67
Calculate the highest common factor of 78902166 and 42.
42
Calculate the highest common factor of 187 and 117209730.
187
Calculate the highest common divisor of 10608 and 523008876.
2652
Calculate the greatest common factor of 237 and 22705864.
79
Calculate the greatest common factor of 28 and 48642188.
28
Calculate the greatest common divisor of 19611 and 30951.
9
Calculate the greatest common factor of 608 and 110232768.
32
What is the highest common divisor of 2967142 and 34395?
2293
What is the highest common factor of 257881 and 127387?
3107
Calculate the highest common divisor of 104935176 and 72.
72
Calculate the greatest common divisor of 86468021 and 806.
31
What is the highest common factor of 3720 and 10202255?
155
Calculate the greatest common factor of 300213279 and 18.
9
Calculate the greatest common factor of 13456332 and 76.
76
Calculate the highest common divisor of 97 and 83689369.
97
Calculate the highest common divisor of 11388 and 240269718.
5694
What is the greatest common divisor of 13838157 and 414?
207
What is the highest common factor of 72165870 and 70?
70
What is the greatest common factor of 1800664200 and 8550?
8550
What is the greatest common factor of 1939005 and 371?
53
Calculate the greatest common factor of 480 and 2144352.
96
Calculate the greatest common factor of 228 and 9609.
3
Calculate the greatest common divisor of 24678 and 3284002.
914
What is the highest common divisor of 3924 and 4700298?
654
What is the highest common divisor of 15507441 and 2466?
1233
Calculate the highest common divisor of 472 and 15144356.
236
Calculate the greatest common divisor of 1394 and 111622.
34
Calculate the greatest common divisor of 6119946 and 28.
14
Calculate the greatest common divisor of 8752 and 110538307.
547
What is the greatest common factor of 92340 and 908466?
114
What is the greatest common factor of 133560454 and 222?
74
What is the greatest common divisor of 15253 and 371896?
7
What is the highest common factor of 38573257 and 2621?
2621
Calculate the greatest common factor of 50097670 and 378.
14
Calculate the greatest common factor of 648 and 13006368.
72
Calculate the highest common divisor of 780432 and 12496.
1136
What is the highest common divisor of 18614265 and 6870?
3435
Calculate the highest common factor of 16152 and 96552.
24
What is the greatest common factor of 21618 and 2429744301?
10809
Calculate the greatest common factor of 1148172 and 3978504.
1956
Calculate the greatest common factor of 1536 and 368634368.
512
What is the highest common factor of 1670190 and 5295?
15
Calculate the highest common factor of 62283091 and 26.
13
Calculate the greatest common divisor of 833542462 and 94.
94
What is the highest common factor of 100 and 38858236?
4
Calculate the greatest common factor of 952023870 and 2373.
2373
Calculate the highest common divisor of 1790035 and 100.
5
Calculate the highest common divisor of 637812138 and 87.
87
Calculate the highest common divisor of 5962871 and 212.
53
What is the highest common factor of 16278832 and 4610?
922
What is the greatest common divisor of 77285 and 5447650?
1885
What is the greatest common divisor of 829748 and 4118?
58
What is the greatest common divisor of 1828 and 171109940?
1828
Calculate the greatest common divisor of 3921330 and 1890.
210
What is the highest common divisor of 46909 and 53741?
61
Calculate the greatest common divisor of 54166563 and 24057.
891
Calculate the greatest common divisor of 41474 and 1331.
1
What is the highest common divisor of 405 and 1262565?
45
Calculate the highest common divisor of 2127015 and 1320.
165
What is the greatest common factor of 2286784 and 392?
8
What is the highest common divisor of 225 and 32130375?
75
What is the greatest common factor of 306442401 and 59?
59
What is the highest common factor of 496468 and 9536?
596
Calculate the greatest common divisor of 2937965 and 1507.
137
What is the greatest common factor of 648 and 43464?
24
What is the highest common divisor of 6647413 and 86?
43
What is the highest common factor of 91 and 315633552?
13
What is the greatest common divisor of 35605440 and 45?
45
What is the greatest common factor of 10008 and 2005608?
24
What is the greatest common divisor of 113362260 and 5280?
660
Calculate the highest common factor of 4128 and 2607692.
172
What is the greatest common factor of 54222 and 13146?
42
What is the highest common divisor of 19458751 and 104?
13
What is the highest common divisor of 54 and 1004792?
2
Calculate the greatest common factor of 406 and 330635206.
58
What is the greatest common divisor of 224162729 and 7?
7
What is the greatest common divisor of 3383 and 54876?
17
Calculate the highest common factor of 846 and 259185072.
282
What is the greatest common divisor of 19850041 and 304?
19
Calculate the highest common factor of 5346 and 15356.
22
Calculate the greatest common factor of 92770 and 15665.
5
Calculate the highest common divisor of 136264106 and 1.
1
Calculate the greatest common factor of 26262 and 9591466.
2918
Calculate the greatest common divisor of 74 and 5991326.
2
What is the highest common factor of 111377 and 401849?
49
What is the highest common divisor of 81005952 and 1275?
51
Calculate the greatest common divisor of 109 and 301883457.
109
What is the greatest common factor of 56 and 123644?
4
What is the greatest common factor of 1284 and 85050876?
1284
Calculate the greatest common divisor of 663 and 366717.
39
Calculate the greatest common factor of 67332 and 19468.
124
What is the greatest common divisor of 100272744 and 143?
143
Calculate the highest common divisor of 15978 and 435357892.
5326
What is the highest common factor of 558 and 2102958?
18
Calculate the highest common factor of 348540 and 186359.
157
What is the greatest common divisor of 1815 and 231697455?
1815
Calculate the greatest common factor of 61596973 and 71.
71
What is the highest common divisor of 6066 and 73929038?
674
Calculate the greatest common divisor of 14296018 and 437.
437
Calculate the highest common factor of 41748782 and 302.
302
Calculate the greatest common factor of 327 and 23435.
109
What is the highest common factor of 4451514 and 9774?
1086
Calculate the greatest common factor of 1547 and 17230928.
221
What is the highest common divisor of 175 and 276064495?
35
Calculate the greatest common factor of 24432177 and 231.
231
Calculate the highest common divisor of 140818 and 1764504.
778
What is the greatest common factor of 1564 and 247848253?
391
Calculate the highest common divisor of 7852530 and 42700.
4270
Calculate the greatest common factor of 1223973 and 383381.
107
Calculate the greatest common divisor of 1309 and 39832870.
1309
Calculate the highest common factor of 424 and 1974886.
106
Calculate the highest common factor of 391304166 and 31383.
10461
Calculate the highest common factor of 3280 and 1540698.
82
Calculate the highest common divisor of 22 and 93657377.
11
Calculate the greatest common divisor of 129007 and 43608.
1817
What is the greatest common divisor of 13046 and 507958?
22
Calculate the greatest common factor of 3780 and 33833940.
420
Calculate the highest common divisor of 1972670 and 3605.
35
What is the greatest common factor of 240340 and 1031295?
985
Calculate the greatest common divisor of 261660 and 103418.
1246
Calculate the greatest common divisor